 Let s = t + -89. Let j be ((-12)/5)/((-4)/s). What is the highest common divisor of j and 26?
26
Let b = 126 + -121. Let m = 45 - -35. Calculate the greatest common divisor of m and b.
5
Let k be (3 - (-1 - 1)) + 13. What is the greatest common factor of 27 and k?
9
Suppose -6*g + 5*j + 220 = -g, -39 = -g + 2*j. Calculate the highest common factor of 14 and g.
7
Let o = -184 - -194. What is the greatest common factor of 90 and o?
10
Let l be (12/(-7))/1*(-35)/2. Calculate the highest common factor of 36 and l.
6
Let v(u) = 9*u**2 - u - u**2 + 12 + 2*u + 3*u. Let t be v(-3). Calculate the highest common factor of 180 and t.
36
Suppose 3*l - 4*x = 130, 4*x - 7 = -11. Calculate the greatest common factor of 48 and l.
6
Suppose -635 = 25*l - 2735. What is the greatest common factor of l and 476?
28
Suppose 0 = -3*r + 122 + 76. Suppose -201 = -4*d + 5*m, 69 = 3*d + m - 58. What is the highest common factor of r and d?
22
Let m = -31 + 16. Let t be 551/5 + 3/m. Let h = 37 + -27. What is the greatest common divisor of h and t?
10
Let d = -136 - -310. Suppose -5*k = -d - 51. What is the greatest common factor of k and 9?
9
Suppose -25849 = -40*u - 7489. What is the greatest common factor of u and 17?
17
Suppose -5*r = 4*o + 5, 0 = -r - 3*r + 5*o + 37. Suppose -8 = -5*g - r. Let k be 1/(g/12) - 4. What is the greatest common factor of k and 4?
4
Suppose 12 = 9*u - 7*u. Suppose k = 4*k - u. What is the highest common factor of k and 14?
2
Let d = -2 - -5. Let k(z) = -1 + 3 + 26*z - 6 + d. Let h be k(1). Calculate the greatest common divisor of h and 225.
25
Let u = -36 + 55. Let z = u + -13. Calculate the greatest common factor of z and 4.
2
Let q be (-42)/(-7 - -4) + -5. Let y be q/15 - (2 - 24/10). Suppose -2*i = -i - 7. What is the greatest common factor of i and y?
1
Let y(o) = 2*o + 23. Let k be y(0). Let b = k - 16. What is the highest common divisor of 35 and b?
7
Let g(d) = 1 + 2 + 12*d + 1 + d**3 + 8*d**2. Let u be g(-5). What is the greatest common factor of u and 19?
19
Let z = 458 - 455. Calculate the highest common divisor of z and 12.
3
Let k be (-332)/(-68) - 8/(-68). Suppose k*i - 2 = y, 3*i + 12 = 5*y - 0*i. Suppose y = p, 2*t - 87 = -0*p + p. Calculate the highest common divisor of t and 9.
9
Let m = 27 + -7. Let t(x) = 3*x + 10. Let d be t(m). Calculate the greatest common factor of 10 and d.
10
Let d(u) = -u**3 + 6*u**2 - 6*u + 7. Let c be 42/(-12)*(-8)/7. Let p be d(c). Calculate the greatest common factor of 105 and p.
15
Let o = 302 + -270. Calculate the greatest common divisor of 48 and o.
16
Let f = -5 - -31. Let t be (-1550)/(-20) - 21/(-42). Calculate the greatest common divisor of t and f.
26
Let w = 1995 + -1145. What is the highest common divisor of 1190 and w?
170
Suppose -16*h = -22*h + 114. Calculate the greatest common factor of 171 and h.
19
Let l = -4 - -5. Suppose 92 = 5*s + n, s + 4*n - 13 = 2*n. Let p = -12 + s. Calculate the highest common divisor of l and p.
1
Let b be 6253/52 + (-3)/(-12)*-1. Calculate the highest common factor of 24 and b.
24
Let j(z) = -180*z + 55. Let u be j(-4). Calculate the greatest common factor of u and 25.
25
Suppose -6 = -2*x + 6. Let o(s) = s**2 - 4*s + 4. Let q be o(x). Let c = 4104 + -3960. What is the greatest common divisor of q and c?
16
Suppose 0 = -3*j + 17 + 13. Suppose 0 = 4*g - 2 - j. Let t be 6*(8/g)/4. Calculate the greatest common factor of 4 and t.
4
Let n = -566 + 591. What is the highest common divisor of n and 35?
5
Let x be (-504)/(-8) + (-1 - 0) + 8. Calculate the greatest common factor of 56 and x.
14
Let k(n) = 2*n**2 + 45*n + 2. Let i be k(-23). What is the highest common divisor of i and 20?
5
Let o(v) = v**3 - 5*v**2 + 2*v - 9. Let k be o(6). Suppose -y + 1 = -k. Calculate the greatest common divisor of y and 160.
40
Suppose -7*u + 2*u = -240. Let i = -485 - -501. What is the greatest common divisor of u and i?
16
Suppose -69*r - 5*t + 83 = -68*r, 4*r + t - 427 = 0. What is the highest common divisor of 783 and r?
27
Let a be (-66)/4*4/(-6). Suppose 17*r - 18*r = -98. Suppose r = 7*c + 21. What is the highest common factor of a and c?
11
Let d be -70 - (-16)/(-6)*(-6)/4. Let l be ((-22)/d)/((-1)/(-3)). What is the greatest common factor of 9 and l?
1
Let l be (-66)/(-4)*(-2)/3. Let q = -7 - l. What is the highest common divisor of 8 and q?
4
Let h(t) = -6*t - 35. Let q be h(-9). Calculate the greatest common divisor of 608 and q.
19
Let d = 90 - 90. Suppose d = -2*n, m - 4 = -2*n + 5. Let s(q) = q + 9. Let h be s(0). Calculate the greatest common divisor of h and m.
9
Suppose -t - x + 46 = 0, -5*t - 34 = -6*t + 2*x. What is the greatest common factor of 266 and t?
14
Suppose -5*t + 435 = -4*i - 333, -3*i = -2*t + 303. Suppose -12 = 4*l, -2*n - 4*l + t = n. Calculate the highest common divisor of n and 28.
28
Let g(i) = 26*i + 148. Let z be g(-5). Suppose -6 = 2*n - 24. What is the highest common factor of z and n?
9
Let x = -193 - -265. What is the greatest common factor of 18 and x?
18
Suppose -4*w = 3*v - 281, 4*w = 2*v - 91 - 123. What is the highest common divisor of 132 and v?
33
Suppose 4*n - 16 = 0, 0*s + 5*n = -s + 65. Suppose -25*r + 20*r + s = 0. What is the greatest common divisor of r and 81?
9
Let z = 315 + -305. What is the highest common divisor of z and 1030?
10
Let m = 48 - -114. Calculate the greatest common factor of 36 and m.
18
Let g = -186 - -291. Suppose 0 = 2*d - 44 - 40. What is the greatest common factor of d and g?
21
Suppose -5*f - 2 = 8. Let z be 1 + 0/f*1. Calculate the greatest common divisor of z and 8.
1
Let s(d) be the second derivative of -d**3/2 + d**2/2 - 5*d. Let k be s(1). Let j be (-4)/(2/14*k). Calculate the highest common factor of 98 and j.
14
Let i(m) = 202*m - 1186. Let k be i(6). Calculate the greatest common factor of 1846 and k.
26
Let u(l) = 16*l - 338. Let k be u(28). What is the greatest common divisor of 209 and k?
11
Let b(t) = t**2 + t - 1. Let p be b(2). Let n be 12/(-1)*1/(-4). Let i be n + 26/91 + (-514)/(-14). Calculate the highest common divisor of p and i.
5
Suppose 0 = 2*f + 3*p - 222, 5*f = 2*f + p + 355. Let w be (574/56 - 10)/(2/104). What is the greatest common factor of w and f?
13
Let f be (-138)/(-2) + 0 + -5. Calculate the greatest common factor of 8 and f.
8
Let j = 22 - 34. Let s be ((-128)/j)/(1/30). Calculate the greatest common factor of s and 32.
32
Suppose 3*b - 5 = 4. Let x(d) = 8*d**2 - 4 + 0*d + 5*d**3 + 7*d - 3*d - 4*d**b. Let y be x(-5). What is the highest common divisor of y and 34?
17
Suppose 213 = -3*k + 603. What is the highest common divisor of 10 and k?
10
Let i be 4/(-10) - 144/40. Let b be 4*(-1)/16 - 73/i. What is the greatest common factor of 180 and b?
18
Suppose 69 = 4*i - 87. Suppose -13*m + 117 = -i. Calculate the highest common factor of m and 18.
6
Let t = 11 - 12. Let y be (t - -3) + (3 - -71). Calculate the greatest common divisor of 19 and y.
19
Let q be ((-18)/7)/((-180)/4620). What is the greatest common factor of 946 and q?
22
Suppose 0 = -3*n - 0*n + 111. Let l = n + -22. Calculate the greatest common factor of 120 and l.
15
Let m(r) = -6*r + 54. Let l be m(13). Let v be (-14 - l)*(-3)/((-6)/4). Calculate the highest common factor of v and 100.
20
Let y = -273 + 412. Calculate the highest common divisor of y and 1112.
139
Let f be (71 - 7)/4 - 1. What is the highest common factor of f and 3?
3
Let v(p) = -2*p + 13. Suppose 26 = -4*u - 5*y + 3*y, -2*y - 10 = 0. Let l be v(u). What is the highest common divisor of 21 and l?
21
Let d = 14 - 8. Let w be ((-1)/3)/(d/(-54)). Suppose w*k - 231 = -3*m, 5*m = 3*m - 3*k + 153. What is the highest common factor of 52 and m?
26
Suppose -3793 = -9*s + 4775. Calculate the greatest common factor of 112 and s.
56
Let z = -144 + 264. Calculate the highest common divisor of z and 60.
60
Let q be (-5)/(45/6)*(-87)/2. Suppose 3*u - 13 = 11. Let a = q - u. Calculate the greatest common divisor of 3 and a.
3
Let g be 36/(-90)*(1 - 16). Suppose -12*i + g*i = -594. Calculate the greatest common factor of i and 9.
9
Let p(l) = l**3 - 16*l**2 + 28*l + 8. Let z be p(14). Let j = 12 - 0. What is the highest common factor of z and j?
4
Suppose -7*j = 74 + 213. Let y = j - -43. Suppose -80 = -4*h - h - 2*q, h + 3*q - 3 = 0. What is